it of 3604?
4
What is the tens digit of 1186?
8
What is the hundreds digit of 126?
1
What is the units digit of 20469?
9
What is the hundreds digit of 4773?
7
What is the ten thousands digit of 36183?
3
What is the units digit of 701?
1
What is the hundred thousands digit of 110826?
1
What is the thousands digit of 3617?
3
What is the tens digit of 995?
9
What is the tens digit of 5965?
6
What is the tens digit of 617?
1
What is the thousands digit of 4122?
4
What is the units digit of 3544?
4
What is the units digit of 15906?
6
What is the units digit of 915?
5
What is the units digit of 1283?
3
What is the thousands digit of 13223?
3
What is the ten thousands digit of 10075?
1
What is the tens digit of 5416?
1
What is the units digit of 2183?
3
What is the units digit of 823?
3
What is the thousands digit of 2950?
2
What is the tens digit of 16525?
2
What is the units digit of 2346?
6
What is the thousands digit of 1834?
1
What is the hundreds digit of 25982?
9
What is the thousands digit of 12852?
2
What is the thousands digit of 2349?
2
What is the tens digit of 2196?
9
What is the units digit of 2962?
2
What is the units digit of 41?
1
What is the units digit of 668?
8
What is the units digit of 20394?
4
What is the hundreds digit of 1635?
6
What is the units digit of 503?
3
What is the units digit of 1346?
6
What is the tens digit of 8419?
1
What is the hundreds digit of 44813?
8
What is the hundreds digit of 3315?
3
What is the thousands digit of 11932?
1
What is the tens digit of 4148?
4
What is the units digit of 3009?
9
What is the units digit of 21584?
4
What is the units digit of 71650?
0
What is the tens digit of 7022?
2
What is the units digit of 895?
5
What is the hundreds digit of 6262?
2
What is the ten thousands digit of 12550?
1
What is the thousands digit of 9491?
9
What is the tens digit of 1105?
0
What is the units digit of 445?
5
What is the ten thousands digit of 69002?
6
What is the units digit of 842?
2
What is the tens digit of 59280?
8
What is the hundreds digit of 23040?
0
What is the thousands digit of 13591?
3
What is the thousands digit of 1154?
1
What is the ten thousands digit of 44690?
4
What is the units digit of 831?
1
What is the hundreds digit of 8835?
8
What is the units digit of 8542?
2
What is the hundreds digit of 8602?
6
What is the hundreds digit of 36203?
2
What is the hundreds digit of 288?
2
What is the tens digit of 179?
7
What is the tens digit of 277?
7
What is the hundreds digit of 253?
2
What is the hundreds digit of 1460?
4
What is the tens digit of 20239?
3
What is the units digit of 24195?
5
What is the hundreds digit of 66451?
4
What is the hundreds digit of 1215?
2
What is the tens digit of 441?
4
What is the hundreds digit of 2851?
8
What is the tens digit of 2702?
0
What is the tens digit of 1496?
9
What is the units digit of 7118?
8
What is the hundreds digit of 56097?
0
What is the hundreds digit of 29341?
3
What is the tens digit of 655?
5
What is the hundreds digit of 1972?
9
What is the thousands digit of 14731?
4
What is the ten thousands digit of 57597?
5
What is the hundreds digit of 1271?
2
What is the tens digit of 29997?
9
What is the thousands digit of 3324?
3
What is the units digit of 98?
8
What is the hundreds digit of 6432?
4
What is the thousands digit of 2417?
2
What is the thousands digit of 9009?
9
What is the hundreds digit of 6672?
6
What is the tens digit of 14033?
3
What is the units digit of 960?
0
What is the ten thousands digit of 122388?
2
What is the tens digit of 7895?
9
What is the hundreds digit of 200?
2
What is the hundred thousands digit of 116863?
1
What is the tens digit of 215?
1
What is the units digit of 1358?
8
What is the hundreds digit of 26335?
3
What is the tens digit of 278?
7
What is the thousands digit of 7444?
7
What is the units digit of 1670?
0
What is the ten thousands digit of 46667?
4
What is the thousands digit of 21278?
1
What is the units digit of 6799?
9
What is the thousands digit of 1575?
1
What is the thousands digit of 44675?
4
What is the tens digit of 8911?
1
What is the hundreds digit of 18833?
8
What is the ten thousands digit of 138345?
3
What is the thousands digit of 1384?
1
What is the ten thousands digit of 134726?
3
What is the tens digit of 374?
7
What is the tens digit of 307?
0
What is the thousands digit of 5476?
5
What is the thousands digit of 5248?
5
What is the thousands digit of 3961?
3
What is the units digit of 41?
1
What is the tens digit of 38510?
1
What is the thousands digit of 1148?
1
What is the thousands digit of 91515?
1
What is the ten thousands digit of 13791?
1
What is the units digit of 137?
7
What is the hundreds digit of 61040?
0
What is the ten thousands digit of 119659?
1
What is the tens digit of 1502?
0
What is the thousands digit of 5522?
5
What is the hundreds digit of 8140?
1
What is the units digit of 2858?
8
What is the tens digit of 21089?
8
What is the tens digit of 1195?
9
What is the thousands digit of 8541?
8
What is the hundreds digit of 4604?
6
What is the units digit of 4431?
1
What is the tens digit of 1921?
2
What is the hundreds digit of 119?
1
What is the tens digit of 346?
4
What is the hundreds digit of 657?
6
What is the hundreds digit of 1304?
3
What is the tens digit of 1605?
0
What is the thousands digit of 2722?
2
What is the hundreds digit of 8683?
6
What is the tens digit of 27874?
7
What is the hundreds digit of 597?
5
What is the units digit of 185?
5
What is the thousands digit of 13961?
3
What is the hundreds digit of 1137?
1
What is the units digit of 34501?
1
What is the tens digit of 1241?
4
What is the hundreds digit of 1793?
7
What is the hundreds digit of 3693?
6
What is the hundreds digit of 926?
9
What is the units digit of 18548?
8
What is the thousands digit of 8312?
8
What is the tens digit of 1195?
9
What is the thousands digit of 2896?
2
What is the units digit of 6113?
3
What is the ten thousands digit of 53724?
5
What is the hundreds digit of 28839?
8
What is the thousands digit of 46166?
6
What is the units digit of 756?
6
What is the hundreds digit of 575?
5
What is the thousands digit of 1246?
1
What is the hundred thousands digit of 122061?
1
What is the units digit of 16613?
3
What is the thousands digit of 1591?
1
What is the ten thousands digit of 92492?
9
What is the units digit of 3732?
2
What is the tens digit of 4039?
3
What is the thousands digit of 11833?
1
What is the hundreds digit of 69340?
3
What is the hundreds digit of 468?
4
What is the ten thousands digit of 32012?
3
What is the ten thousands digit of 35324?
3
What is the units digit of 589?
9
What is the tens digit of 3389?
8
What is the tens digit of 5018?
1
What is the hundreds digit of 16398?
3
What is the hundreds digit of 4477?
4
What is the thousands digit of 17807?
7
What is the tens digit of 5876?
7
What is the tens digit of 2244?
4
What is the tens digit of 741?
4
What is the ten thousands digit of 68039?
6
What is the hundreds digit of 392?
3
What is the hundreds digit of 26362?
3
What is the tens digit of 17544?
4
What is the thousands digit of 55841?
5
What is the thousands digit of 16000?
6
What is the tens digit of 1826?
2
What is the hundreds digit of 1683?
6
What is the hundreds digit of 7740?
7
What is the tens digit of 15824?
2
What is the hundreds digit of 4261?
2
What is the hundreds digit of 1371?
3
What is the units digit of 20?
0
What is the thousands digit of 3005?
3
What is the tens digit of 268?
6
What is the ten thousands digit of 87751?
8
What is the tens digit of 8935?
3
What is the units digit of 1266?
6
What is the units digit of 47149?
9
What is the units digit of 46538?
8
What is the thousands digit of 2246?
2
What is the units digit of 821?
1
What is the tens digit of 1466?
6
What is the ten thousands digit of 16822?
1
What is the hundreds digit of 5532?
5
What is the tens digit of 666?
6
What is the units digit of 1339?
9
What is the units digit of 19824?
4
What is the ten thousands digit of 43735?
4
What is the hundreds digit of 66077?
0
What is the thousands digit of 34737?
4
What is the thousands digit of 1890?
1
What is the units digit of 5591?
1
What is the units digit of 2668?
8
What is the hundreds digit of 36992?
9
What is